{"id":7039,"date":"2023-04-21T21:34:48","date_gmt":"2023-04-21T21:34:48","guid":{"rendered":"https:\/\/baixas.es\/sin categor\u00eda\/alcachofa-confitada-con-parmesano\/"},"modified":"2023-04-21T21:34:48","modified_gmt":"2023-04-21T21:34:48","slug":"alcachofa-confitada-con-parmesano","status":"publish","type":"product","link":"https:\/\/baixas.es\/es\/catering-barcelona\/aperitivos-frios-catering\/alcachofa-confitada-con-parmesano\/","title":{"rendered":"Alcachofa confitada con parmesano"},"content":{"rendered":"<p>La Alcachofa Confitada con Parmesano es un aperitivo que combina la suavidad de la alcachofa confitada con el sabor intenso y salino del parmesano. Toda una experiencia de sabor y textura. <\/p>\n<p>El coraz\u00f3n de la alcachofa confitado a baja temperatura, es muy tierno y meloso.<\/p>\n<p>El tomate de estilo calabr\u00e9s aporta dulzura y acidez. Un contraste perfecto para la untuosa alcachofa. La pimienta aporta una nota especiada y realza los sabores en general.  <\/p>\n<p>El queso parmesano finamente rallado cierra el plato. Con un sabor intenso y salino, aporta car\u00e1cter y elegancia. <\/p>\n<p>El aceite de oliva virgen extra liga todos los ingredientes y aporta un car\u00e1cter mediterr\u00e1neo que amorosea el plato. La textura se vuelve m\u00e1s noble y m\u00e1s armonizada. <\/p>\n<p>Un toque de \u00ab<span class=\"hiddenSpellError\">ciboulette<\/span>\u00bb fresco picado completa esta experiencia gastron\u00f3mica. Obtenemos frescura y una nota de color. <\/p>\n<p>La Alcachofa Confitada con Parmesano es una propuesta de aperitivo id\u00f3nea para combinar con otros platos de nuestro catering. La alcachofa es indiscutible una de las verduras protagonistas de nuestro panorama gastron\u00f3mico. \u00a1Una maravilla no se puede dejar escapar!  <\/p>\n<p>Disfr\u00fatalo en Baixas <a href=\"https:\/\/baixas.es\/es\/catering-barcelona-es-2\/\">el catering de Barcelona<\/a> que no te dejar\u00e1 indiferente.<\/p>\n","protected":false},"excerpt":{"rendered":"<p>Corazones de alcachofa, tomate divino en aceite tipo Calabrese, pimienta negra, parmesano Reggiano rallado, aceite de oliva virgen extra y cebollino fresco picado.<\/p>\n<p>M\u00ednimo 4 unidades.<\/p>\n<p>AL\u00c9RGENOS: Sin gluten, lactosa, huevo, trazas de soja y frutos secos.<\/p>\n","protected":false},"featured_media":4623,"template":"","meta":{"_acf_changed":false,"inline_featured_image":false},"product_brand":[],"product_cat":[219,218],"product_tag":[],"class_list":["post-7039","product","type-product","status-publish","has-post-thumbnail","product_cat-aperitivos-frios-catering","product_cat-catering-barcelona","first","instock","purchasable","product-type-simple"],"acf":{"schema_json":""},"yoast_head":"<!-- This site is optimized with the Yoast SEO plugin v28.1 - https:\/\/yoast.com\/product\/yoast-seo-wordpress\/ -->\n<title>Alcachofa confitada con parmesano &#8211; Pastisseria Baixas<\/title>\n<meta name=\"description\" content=\"La Alcachofa Confitada con Parmesano es un aperitivo que combina la suavidad de la alcachofa confitada con el sabor intenso y salino del parmesano.\" \/>\n<meta name=\"robots\" content=\"index, follow, max-snippet:-1, max-image-preview:large, max-video-preview:-1\" \/>\n<link rel=\"canonical\" href=\"https:\/\/baixas.es\/es\/catering-barcelona\/aperitivos-frios-catering\/alcachofa-confitada-con-parmesano\/\" \/>\n<meta property=\"og:locale\" content=\"es_ES\" \/>\n<meta property=\"og:type\" content=\"article\" \/>\n<meta property=\"og:title\" content=\"Alcachofa confitada con parmesano &#8211; Pastisseria Baixas\" \/>\n<meta property=\"og:description\" content=\"La Alcachofa Confitada con Parmesano es un aperitivo que combina la suavidad de la alcachofa confitada con el sabor intenso y salino del parmesano.\" \/>\n<meta property=\"og:url\" content=\"https:\/\/baixas.es\/es\/catering-barcelona\/aperitivos-frios-catering\/alcachofa-confitada-con-parmesano\/\" \/>\n<meta property=\"og:site_name\" content=\"Pastisseria Baixas\" \/>\n<meta property=\"og:image\" content=\"https:\/\/baixas.es\/wp-content\/uploads\/2023\/04\/carxofa-confitada-amb-parmesa-pastisseria-baixas.jpg\" \/>\n\t<meta property=\"og:image:width\" content=\"2000\" \/>\n\t<meta property=\"og:image:height\" content=\"2000\" \/>\n\t<meta property=\"og:image:type\" content=\"image\/jpeg\" \/>\n<meta name=\"twitter:card\" content=\"summary_large_image\" \/>\n<meta name=\"twitter:label1\" content=\"Tiempo de lectura\" \/>\n\t<meta name=\"twitter:data1\" content=\"1 minuto\" \/>\n<script type=\"application\/ld+json\" class=\"yoast-schema-graph\">{\"@context\":\"https:\\\/\\\/schema.org\",\"@graph\":[{\"@type\":\"WebPage\",\"@id\":\"https:\\\/\\\/baixas.es\\\/es\\\/catering-barcelona\\\/aperitivos-frios-catering\\\/alcachofa-confitada-con-parmesano\\\/\",\"url\":\"https:\\\/\\\/baixas.es\\\/es\\\/catering-barcelona\\\/aperitivos-frios-catering\\\/alcachofa-confitada-con-parmesano\\\/\",\"name\":\"Alcachofa confitada con parmesano &#8211; Pastisseria Baixas\",\"isPartOf\":{\"@id\":\"https:\\\/\\\/baixas.es\\\/es\\\/#website\"},\"primaryImageOfPage\":{\"@id\":\"https:\\\/\\\/baixas.es\\\/es\\\/catering-barcelona\\\/aperitivos-frios-catering\\\/alcachofa-confitada-con-parmesano\\\/#primaryimage\"},\"image\":{\"@id\":\"https:\\\/\\\/baixas.es\\\/es\\\/catering-barcelona\\\/aperitivos-frios-catering\\\/alcachofa-confitada-con-parmesano\\\/#primaryimage\"},\"thumbnailUrl\":\"https:\\\/\\\/baixas.es\\\/wp-content\\\/uploads\\\/2023\\\/04\\\/carxofa-confitada-amb-parmesa-pastisseria-baixas.jpg\",\"datePublished\":\"2023-04-21T21:34:48+00:00\",\"description\":\"La Alcachofa Confitada con Parmesano es un aperitivo que combina la suavidad de la alcachofa confitada con el sabor intenso y salino del parmesano.\",\"breadcrumb\":{\"@id\":\"https:\\\/\\\/baixas.es\\\/es\\\/catering-barcelona\\\/aperitivos-frios-catering\\\/alcachofa-confitada-con-parmesano\\\/#breadcrumb\"},\"inLanguage\":\"es\",\"potentialAction\":[{\"@type\":\"ReadAction\",\"target\":[\"https:\\\/\\\/baixas.es\\\/es\\\/catering-barcelona\\\/aperitivos-frios-catering\\\/alcachofa-confitada-con-parmesano\\\/\"]}]},{\"@type\":\"ImageObject\",\"inLanguage\":\"es\",\"@id\":\"https:\\\/\\\/baixas.es\\\/es\\\/catering-barcelona\\\/aperitivos-frios-catering\\\/alcachofa-confitada-con-parmesano\\\/#primaryimage\",\"url\":\"https:\\\/\\\/baixas.es\\\/wp-content\\\/uploads\\\/2023\\\/04\\\/carxofa-confitada-amb-parmesa-pastisseria-baixas.jpg\",\"contentUrl\":\"https:\\\/\\\/baixas.es\\\/wp-content\\\/uploads\\\/2023\\\/04\\\/carxofa-confitada-amb-parmesa-pastisseria-baixas.jpg\",\"width\":2000,\"height\":2000,\"caption\":\"Carxofa confitada amb parmes\u00e0\"},{\"@type\":\"BreadcrumbList\",\"@id\":\"https:\\\/\\\/baixas.es\\\/es\\\/catering-barcelona\\\/aperitivos-frios-catering\\\/alcachofa-confitada-con-parmesano\\\/#breadcrumb\",\"itemListElement\":[{\"@type\":\"ListItem\",\"position\":1,\"name\":\"Inici\",\"item\":\"https:\\\/\\\/baixas.es\\\/es\\\/\"},{\"@type\":\"ListItem\",\"position\":2,\"name\":\"Tienda\",\"item\":\"https:\\\/\\\/baixas.es\\\/es\\\/tienda\\\/\"},{\"@type\":\"ListItem\",\"position\":3,\"name\":\"Alcachofa confitada con parmesano\"}]},{\"@type\":\"WebSite\",\"@id\":\"https:\\\/\\\/baixas.es\\\/es\\\/#website\",\"url\":\"https:\\\/\\\/baixas.es\\\/es\\\/\",\"name\":\"Pastisseria Baixas\",\"description\":\"La pasteler\u00eda de Barcelona m\u00e1s sostenible con el m\u00ednimo intervencionismo y artificialidad\",\"publisher\":{\"@id\":\"https:\\\/\\\/baixas.es\\\/es\\\/#organization\"},\"alternateName\":\"Baixas\",\"potentialAction\":[{\"@type\":\"SearchAction\",\"target\":{\"@type\":\"EntryPoint\",\"urlTemplate\":\"https:\\\/\\\/baixas.es\\\/es\\\/?s={search_term_string}\"},\"query-input\":{\"@type\":\"PropertyValueSpecification\",\"valueRequired\":true,\"valueName\":\"search_term_string\"}}],\"inLanguage\":\"es\"},{\"@type\":\"Organization\",\"@id\":\"https:\\\/\\\/baixas.es\\\/es\\\/#organization\",\"name\":\"Pastisseria Baixas\",\"alternateName\":\"Baixas\",\"url\":\"https:\\\/\\\/baixas.es\\\/es\\\/\",\"logo\":{\"@type\":\"ImageObject\",\"inLanguage\":\"es\",\"@id\":\"https:\\\/\\\/baixas.es\\\/es\\\/#\\\/schema\\\/logo\\\/image\\\/\",\"url\":\"https:\\\/\\\/baixas.es\\\/wp-content\\\/uploads\\\/2023\\\/03\\\/logo.svg\",\"contentUrl\":\"https:\\\/\\\/baixas.es\\\/wp-content\\\/uploads\\\/2023\\\/03\\\/logo.svg\",\"width\":155,\"height\":41,\"caption\":\"Pastisseria Baixas\"},\"image\":{\"@id\":\"https:\\\/\\\/baixas.es\\\/es\\\/#\\\/schema\\\/logo\\\/image\\\/\"},\"sameAs\":[\"https:\\\/\\\/www.instagram.com\\\/baixasbarcelona\\\/\",\"https:\\\/\\\/www.linkedin.com\\\/company\\\/baixas-barcelona\\\/\"]}]}<\/script>\n<!-- \/ Yoast SEO plugin. -->","yoast_head_json":{"title":"Alcachofa confitada con parmesano &#8211; Pastisseria Baixas","description":"La Alcachofa Confitada con Parmesano es un aperitivo que combina la suavidad de la alcachofa confitada con el sabor intenso y salino del parmesano.","robots":{"index":"index","follow":"follow","max-snippet":"max-snippet:-1","max-image-preview":"max-image-preview:large","max-video-preview":"max-video-preview:-1"},"canonical":"https:\/\/baixas.es\/es\/catering-barcelona\/aperitivos-frios-catering\/alcachofa-confitada-con-parmesano\/","og_locale":"es_ES","og_type":"article","og_title":"Alcachofa confitada con parmesano &#8211; Pastisseria Baixas","og_description":"La Alcachofa Confitada con Parmesano es un aperitivo que combina la suavidad de la alcachofa confitada con el sabor intenso y salino del parmesano.","og_url":"https:\/\/baixas.es\/es\/catering-barcelona\/aperitivos-frios-catering\/alcachofa-confitada-con-parmesano\/","og_site_name":"Pastisseria Baixas","og_image":[{"width":2000,"height":2000,"url":"https:\/\/baixas.es\/wp-content\/uploads\/2023\/04\/carxofa-confitada-amb-parmesa-pastisseria-baixas.jpg","type":"image\/jpeg"}],"twitter_card":"summary_large_image","twitter_misc":{"Tiempo de lectura":"1 minuto"},"schema":{"@context":"https:\/\/schema.org","@graph":[{"@type":"WebPage","@id":"https:\/\/baixas.es\/es\/catering-barcelona\/aperitivos-frios-catering\/alcachofa-confitada-con-parmesano\/","url":"https:\/\/baixas.es\/es\/catering-barcelona\/aperitivos-frios-catering\/alcachofa-confitada-con-parmesano\/","name":"Alcachofa confitada con parmesano &#8211; Pastisseria Baixas","isPartOf":{"@id":"https:\/\/baixas.es\/es\/#website"},"primaryImageOfPage":{"@id":"https:\/\/baixas.es\/es\/catering-barcelona\/aperitivos-frios-catering\/alcachofa-confitada-con-parmesano\/#primaryimage"},"image":{"@id":"https:\/\/baixas.es\/es\/catering-barcelona\/aperitivos-frios-catering\/alcachofa-confitada-con-parmesano\/#primaryimage"},"thumbnailUrl":"https:\/\/baixas.es\/wp-content\/uploads\/2023\/04\/carxofa-confitada-amb-parmesa-pastisseria-baixas.jpg","datePublished":"2023-04-21T21:34:48+00:00","description":"La Alcachofa Confitada con Parmesano es un aperitivo que combina la suavidad de la alcachofa confitada con el sabor intenso y salino del parmesano.","breadcrumb":{"@id":"https:\/\/baixas.es\/es\/catering-barcelona\/aperitivos-frios-catering\/alcachofa-confitada-con-parmesano\/#breadcrumb"},"inLanguage":"es","potentialAction":[{"@type":"ReadAction","target":["https:\/\/baixas.es\/es\/catering-barcelona\/aperitivos-frios-catering\/alcachofa-confitada-con-parmesano\/"]}]},{"@type":"ImageObject","inLanguage":"es","@id":"https:\/\/baixas.es\/es\/catering-barcelona\/aperitivos-frios-catering\/alcachofa-confitada-con-parmesano\/#primaryimage","url":"https:\/\/baixas.es\/wp-content\/uploads\/2023\/04\/carxofa-confitada-amb-parmesa-pastisseria-baixas.jpg","contentUrl":"https:\/\/baixas.es\/wp-content\/uploads\/2023\/04\/carxofa-confitada-amb-parmesa-pastisseria-baixas.jpg","width":2000,"height":2000,"caption":"Carxofa confitada amb parmes\u00e0"},{"@type":"BreadcrumbList","@id":"https:\/\/baixas.es\/es\/catering-barcelona\/aperitivos-frios-catering\/alcachofa-confitada-con-parmesano\/#breadcrumb","itemListElement":[{"@type":"ListItem","position":1,"name":"Inici","item":"https:\/\/baixas.es\/es\/"},{"@type":"ListItem","position":2,"name":"Tienda","item":"https:\/\/baixas.es\/es\/tienda\/"},{"@type":"ListItem","position":3,"name":"Alcachofa confitada con parmesano"}]},{"@type":"WebSite","@id":"https:\/\/baixas.es\/es\/#website","url":"https:\/\/baixas.es\/es\/","name":"Pastisseria Baixas","description":"La pasteler\u00eda de Barcelona m\u00e1s sostenible con el m\u00ednimo intervencionismo y artificialidad","publisher":{"@id":"https:\/\/baixas.es\/es\/#organization"},"alternateName":"Baixas","potentialAction":[{"@type":"SearchAction","target":{"@type":"EntryPoint","urlTemplate":"https:\/\/baixas.es\/es\/?s={search_term_string}"},"query-input":{"@type":"PropertyValueSpecification","valueRequired":true,"valueName":"search_term_string"}}],"inLanguage":"es"},{"@type":"Organization","@id":"https:\/\/baixas.es\/es\/#organization","name":"Pastisseria Baixas","alternateName":"Baixas","url":"https:\/\/baixas.es\/es\/","logo":{"@type":"ImageObject","inLanguage":"es","@id":"https:\/\/baixas.es\/es\/#\/schema\/logo\/image\/","url":"https:\/\/baixas.es\/wp-content\/uploads\/2023\/03\/logo.svg","contentUrl":"https:\/\/baixas.es\/wp-content\/uploads\/2023\/03\/logo.svg","width":155,"height":41,"caption":"Pastisseria Baixas"},"image":{"@id":"https:\/\/baixas.es\/es\/#\/schema\/logo\/image\/"},"sameAs":["https:\/\/www.instagram.com\/baixasbarcelona\/","https:\/\/www.linkedin.com\/company\/baixas-barcelona\/"]}]}},"_links":{"self":[{"href":"https:\/\/baixas.es\/es\/wp-json\/wp\/v2\/product\/7039","targetHints":{"allow":["GET"]}}],"collection":[{"href":"https:\/\/baixas.es\/es\/wp-json\/wp\/v2\/product"}],"about":[{"href":"https:\/\/baixas.es\/es\/wp-json\/wp\/v2\/types\/product"}],"wp:featuredmedia":[{"embeddable":true,"href":"https:\/\/baixas.es\/es\/wp-json\/wp\/v2\/media\/4623"}],"wp:attachment":[{"href":"https:\/\/baixas.es\/es\/wp-json\/wp\/v2\/media?parent=7039"}],"wp:term":[{"taxonomy":"product_brand","embeddable":true,"href":"https:\/\/baixas.es\/es\/wp-json\/wp\/v2\/product_brand?post=7039"},{"taxonomy":"product_cat","embeddable":true,"href":"https:\/\/baixas.es\/es\/wp-json\/wp\/v2\/product_cat?post=7039"},{"taxonomy":"product_tag","embeddable":true,"href":"https:\/\/baixas.es\/es\/wp-json\/wp\/v2\/product_tag?post=7039"}],"curies":[{"name":"wp","href":"https:\/\/api.w.org\/{rel}","templated":true}]}}

https://baixas.es/sin categoría/alcachofa-confitada-con-parmesano/

<p>La Alcachofa Confitada con Parmesano es un aperitivo que combina la suavidad de la alcachofa confitada con el sabor intenso y salino del parmesano. Toda una experiencia de sabor y textura. </p>
<p>El corazón de la alcachofa confitado a baja temperatura, es muy tierno y meloso.</p>
<p>El tomate de estilo calabrés aporta dulzura y acidez. Un contraste perfecto para la untuosa alcachofa. La pimienta aporta una nota especiada y realza los sabores en general.  </p>
<p>El queso parmesano finamente rallado cierra el plato. Con un sabor intenso y salino, aporta carácter y elegancia. </p>
<p>El aceite de oliva virgen extra liga todos los ingredientes y aporta un carácter mediterráneo que amorosea el plato. La textura se vuelve más noble y más armonizada. </p>
<p>Un toque de «<span class="hiddenSpellError">ciboulette</span>» fresco picado completa esta experiencia gastronómica. Obtenemos frescura y una nota de color. </p>
<p>La Alcachofa Confitada con Parmesano es una propuesta de aperitivo idónea para combinar con otros platos de nuestro catering. La alcachofa es indiscutible una de las verduras protagonistas de nuestro panorama gastronómico. ¡Una maravilla no se puede dejar escapar!  </p>
<p>Disfrútalo en Baixas <a href="https://baixas.es/es/catering-barcelona-es-2/">el catering de Barcelona</a> que no te dejará indiferente.</p>

<p>Corazones de alcachofa, tomate divino en aceite tipo Calabrese, pimienta negra, parmesano Reggiano rallado, aceite de oliva virgen extra y cebollino fresco picado.</p>
<p>Mínimo 4 unidades.</p>
<p>ALÉRGENOS: Sin gluten, lactosa, huevo, trazas de soja y frutos secos.</p>

<!-- This site is optimized with the Yoast SEO plugin v28.1 - https://yoast.com/product/yoast-seo-wordpress/ -->
<title>Alcachofa confitada con parmesano &#8211; Pastisseria Baixas</title>
<meta name="description" content="La Alcachofa Confitada con Parmesano es un aperitivo que combina la suavidad de la alcachofa confitada con el sabor intenso y salino del parmesano." />
<meta name="robots" content="index, follow, max-snippet:-1, max-image-preview:large, max-video-preview:-1" />
<link rel="canonical" href="https://baixas.es/es/catering-barcelona/aperitivos-frios-catering/alcachofa-confitada-con-parmesano/" />
<meta property="og:locale" content="es_ES" />
<meta property="og:type" content="article" />
<meta property="og:title" content="Alcachofa confitada con parmesano &#8211; Pastisseria Baixas" />
<meta property="og:description" content="La Alcachofa Confitada con Parmesano es un aperitivo que combina la suavidad de la alcachofa confitada con el sabor intenso y salino del parmesano." />
<meta property="og:url" content="https://baixas.es/es/catering-barcelona/aperitivos-frios-catering/alcachofa-confitada-con-parmesano/" />
<meta property="og:site_name" content="Pastisseria Baixas" />
<meta property="og:image" content="https://baixas.es/wp-content/uploads/2023/04/carxofa-confitada-amb-parmesa-pastisseria-baixas.jpg" />
	<meta property="og:image:width" content="2000" />
	<meta property="og:image:height" content="2000" />
	<meta property="og:image:type" content="image/jpeg" />
<meta name="twitter:card" content="summary_large_image" />
<meta name="twitter:label1" content="Tiempo de lectura" />
	<meta name="twitter:data1" content="1 minuto" />
<script type="application/ld+json" class="yoast-schema-graph">{"@context":"https:\/\/schema.org","@graph":[{"@type":"WebPage","@id":"https:\/\/baixas.es\/es\/catering-barcelona\/aperitivos-frios-catering\/alcachofa-confitada-con-parmesano\/","url":"https:\/\/baixas.es\/es\/catering-barcelona\/aperitivos-frios-catering\/alcachofa-confitada-con-parmesano\/","name":"Alcachofa confitada con parmesano &#8211; Pastisseria Baixas","isPartOf":{"@id":"https:\/\/baixas.es\/es\/#website"},"primaryImageOfPage":{"@id":"https:\/\/baixas.es\/es\/catering-barcelona\/aperitivos-frios-catering\/alcachofa-confitada-con-parmesano\/#primaryimage"},"image":{"@id":"https:\/\/baixas.es\/es\/catering-barcelona\/aperitivos-frios-catering\/alcachofa-confitada-con-parmesano\/#primaryimage"},"thumbnailUrl":"https:\/\/baixas.es\/wp-content\/uploads\/2023\/04\/carxofa-confitada-amb-parmesa-pastisseria-baixas.jpg","datePublished":"2023-04-21T21:34:48+00:00","description":"La Alcachofa Confitada con Parmesano es un aperitivo que combina la suavidad de la alcachofa confitada con el sabor intenso y salino del parmesano.","breadcrumb":{"@id":"https:\/\/baixas.es\/es\/catering-barcelona\/aperitivos-frios-catering\/alcachofa-confitada-con-parmesano\/#breadcrumb"},"inLanguage":"es","potentialAction":[{"@type":"ReadAction","target":["https:\/\/baixas.es\/es\/catering-barcelona\/aperitivos-frios-catering\/alcachofa-confitada-con-parmesano\/"]}]},{"@type":"ImageObject","inLanguage":"es","@id":"https:\/\/baixas.es\/es\/catering-barcelona\/aperitivos-frios-catering\/alcachofa-confitada-con-parmesano\/#primaryimage","url":"https:\/\/baixas.es\/wp-content\/uploads\/2023\/04\/carxofa-confitada-amb-parmesa-pastisseria-baixas.jpg","contentUrl":"https:\/\/baixas.es\/wp-content\/uploads\/2023\/04\/carxofa-confitada-amb-parmesa-pastisseria-baixas.jpg","width":2000,"height":2000,"caption":"Carxofa confitada amb parmesà"},{"@type":"BreadcrumbList","@id":"https:\/\/baixas.es\/es\/catering-barcelona\/aperitivos-frios-catering\/alcachofa-confitada-con-parmesano\/#breadcrumb","itemListElement":[{"@type":"ListItem","position":1,"name":"Inici","item":"https:\/\/baixas.es\/es\/"},{"@type":"ListItem","position":2,"name":"Tienda","item":"https:\/\/baixas.es\/es\/tienda\/"},{"@type":"ListItem","position":3,"name":"Alcachofa confitada con parmesano"}]},{"@type":"WebSite","@id":"https:\/\/baixas.es\/es\/#website","url":"https:\/\/baixas.es\/es\/","name":"Pastisseria Baixas","description":"La pastelería de Barcelona más sostenible con el mínimo intervencionismo y artificialidad","publisher":{"@id":"https:\/\/baixas.es\/es\/#organization"},"alternateName":"Baixas","potentialAction":[{"@type":"SearchAction","target":{"@type":"EntryPoint","urlTemplate":"https:\/\/baixas.es\/es\/?s={search_term_string}"},"query-input":{"@type":"PropertyValueSpecification","valueRequired":true,"valueName":"search_term_string"}}],"inLanguage":"es"},{"@type":"Organization","@id":"https:\/\/baixas.es\/es\/#organization","name":"Pastisseria Baixas","alternateName":"Baixas","url":"https:\/\/baixas.es\/es\/","logo":{"@type":"ImageObject","inLanguage":"es","@id":"https:\/\/baixas.es\/es\/#\/schema\/logo\/image\/","url":"https:\/\/baixas.es\/wp-content\/uploads\/2023\/03\/logo.svg","contentUrl":"https:\/\/baixas.es\/wp-content\/uploads\/2023\/03\/logo.svg","width":155,"height":41,"caption":"Pastisseria Baixas"},"image":{"@id":"https:\/\/baixas.es\/es\/#\/schema\/logo\/image\/"},"sameAs":["https:\/\/www.instagram.com\/baixasbarcelona\/","https:\/\/www.linkedin.com\/company\/baixas-barcelona\/"]}]}</script>
<!-- / Yoast SEO plugin. -->

Carxofa confitada amb parmesà

La pastelería de Barcelona más sostenible con el mínimo intervencionismo y artificialidad
